s the highest common factor of u and 588?
12
Let p(o) = -o - 2 - 2*o**2 + 8 + 0*o**2 + o**2. Let w be p(-2). Let x = w + 8. What is the highest common divisor of x and 48?
12
Let z(r) = 6*r**2 - 2*r - 2. Let y be z(-3). Suppose 0 = -3*i + 47 + y. Calculate the highest common factor of i and 245.
35
Let y(f) = -f**2 + 11*f - 6. Let b be y(10). Let d = 62 + -49. Suppose -b*h = -59 - d. What is the highest common divisor of 12 and h?
6
Let k = -362 + 719. Suppose 3*h - 4*h = -27. Let r = 44 - h. Calculate the highest common factor of r and k.
17
Let t(j) = -3*j + 26. Let i(v) = 4*v - 36. Let b be i(15). Let p = b + -16. Let l be t(p). What is the greatest common divisor of 10 and l?
2
Let w(z) = z**3 + 11*z**2 - 7*z - 6. Let b be w(-9). Let s = 431 + -428. Suppose -705 = -s*f - b. Calculate the highest common divisor of f and 18.
18
Let x = 38889 + -37649. Suppose 7*n + 3*g = 2*n + 215, -g - 75 = -2*n. What is the highest common factor of x and n?
40
Suppose -5*u - 12 = -52. Let z(y) = 4*y - 5*y + 11*y**2 + u*y**2. Let g be z(1). Calculate the greatest common divisor of g and 72.
18
Let k be (-6)/(-18) - (22440/(-18) - 7). What is the highest common factor of k and 792?
66
Let l = -42386 + 64068. What is the greatest common factor of 74 and l?
74
Suppose 2*z + 430 = -0*z + f, 0 = z + f + 218. Let g = -206 - z. Calculate the greatest common divisor of 4 and g.
2
Suppose 0 = 3*o - 4*i - 80, -26*o + 2*i = -31*o + 116. Calculate the greatest common factor of 2172 and o.
12
Let m = -36 + 32. Let p = 4 - 2. Let s be p - (-29 - (3 + 5)/m). Calculate the greatest common factor of s and 58.
29
Let f = 149 - 293. Let d = f - -174. Let m be 16/(-6)*(-27)/6. What is the highest common factor of d and m?
6
Suppose 5*m + 5869 = 3*h, -151 = h + 4*m - 2096. What is the greatest common divisor of h and 9?
9
Let g be (2 - 4)*1*-1. Suppose -g = 4*h - 70. Let u(m) = 9*m**2 - 18*m - 281. Let k be u(-5). What is the highest common factor of k and h?
17
Suppose 2*c = 3*c - 2. Suppose -221*a = 2*p - 216*a - 3, 0 = -4*a - 4. Suppose -p = -2*x, -z + 8 + 2 = x. What is the greatest common factor of z and c?
2
Suppose 7*x - 222 = -75. Let g = 22 - x. What is the highest common factor of g and 8?
1
Suppose -58*s = -665 - 263. What is the highest common factor of 29 and s?
1
Let t be -4 - -74 - (-4)/2. Suppose -2*k + 4*k = -t. Let m be k/(-45)*(-490)/(-4). What is the greatest common divisor of 28 and m?
14
Suppose 0*j + 4*j = 5*d - 7, -5*d - 49 = 3*j. Let b = j - 12. Let w = b + 36. Calculate the highest common factor of 8 and w.
8
Let n(r) = 3*r - 12. Let i be n(6). Let c be 21*(22/i + -3). Calculate the highest common divisor of c and 42.
14
Suppose 1078 = -10*p + 32*p. Calculate the highest common factor of 224 and p.
7
Let g be 2/6 - (-175)/15. Let s be (52/182)/(1/14). Calculate the highest common divisor of g and s.
4
Let g = -1084 - -253. Let n = -827 - g. Calculate the greatest common factor of n and 404.
4
Let z = 27075 - 26884. Calculate the highest common divisor of 1 and z.
1
Suppose 0*n - 5*m = 2*n - 925, 5*n = -2*m + 2344. Suppose l = -5*i + 8*i + 5, 5*i = -3*l + 85. What is the greatest common divisor of n and l?
10
Let v be 4 + (-14 - -19) + (-4 - 0). Let r be (3 + 10/(-5))/(v/505). What is the greatest common factor of 909 and r?
101
Suppose -2*y = -j + 91, 1643*j = 1641*j + y + 161. Calculate the highest common factor of j and 55.
11
Let x be (0/(-8 + 2))/1. Let c be x + 0 + -1 + 29. What is the greatest common divisor of c and 154?
14
Let r(a) = a + 155. Let v be r(-5). Suppose -t - 4*t = 0. Suppose t*f + 60 = 6*f. What is the highest common factor of v and f?
10
Let g be 2 - (510 - 6)/2. Let i = g - -335. What is the highest common factor of 68 and i?
17
Let m(v) = -v**2 - 16*v + 136. Let h be m(6). Let p be 110/55*6/h. What is the highest common factor of p and 24?
3
Suppose 113*f + 1320 + 241 = 336*f. Calculate the highest common divisor of f and 301.
7
Let l(b) = 25*b**2 - 71*b - 996. Let d be l(-14). What is the greatest common divisor of d and 632?
158
Suppose -3*t + 18 = -o - 3*o, -3*t + 5*o = -21. Suppose 51 = 2*h + g, -t*h - 2*g = 3*g - 31. What is the highest common divisor of h and 21?
7
Suppose -11 = -9*j + 7. Let u be (-4*(2 - 15))/j. What is the highest common factor of u and 13?
13
Let u = 87 + -51. Let j = 68 + -56. Suppose j*c - 60 = 228. What is the highest common factor of c and u?
12
Let h be ((-570)/(-342))/(5/78) - -4. Calculate the greatest common factor of 3310 and h.
10
Let c = -6094 - -6222. Calculate the greatest common factor of 3008 and c.
64
Let w(o) = o**3 + 24*o**2 + 11*o + 339. Let s be w(-24). What is the greatest common factor of s and 20325?
75
Let w(t) = -t**3 - 4*t**2 + 3*t + 27. Let o(u) = -10*u - 23. Let r be o(-2). Let g be w(r). Calculate the greatest common divisor of 261 and g.
9
Let r be (-3 - 27/(-12)) + (-19701)/(-12). Suppose -1327 - r = -14*c. Calculate the greatest common divisor of c and 159.
53
Let t(m) = -88*m - 849. Let u be t(-10). Calculate the greatest common factor of 2294 and u.
31
Suppose 763 = 3*y - 2*l - 3*l, 3*y + l - 733 = 0. What is the highest common divisor of 9 and y?
3
Let f = 29 - 5. Let x(g) = -2*g + 4. Let k be x(-6). Suppose -k*s + 13*s = -576. What is the highest common factor of f and s?
24
Suppose -15*k - 579 = -16*k + u, -5*u - 1170 = -2*k. What is the greatest common divisor of k and 25?
25
Let u(q) = -q**3 - 16*q - 65. Let m be u(-4). Calculate the greatest common factor of m and 231.
21
Let t be -64*(-1 - 0) - 0. Let c = -5190 - -5151. Let q = t + c. Calculate the highest common divisor of q and 175.
25
Suppose -3*z + 13 = -2, -4*z - 226 = 2*n. Let i be 251/6 + (7 - n/(-18)). What is the greatest common divisor of 70 and i?
14
Let k = 541 + -317. Suppose -o = -35 + 4. Let a be (o - 3)/1 - 0. What is the highest common divisor of k and a?
28
Suppose 0 = -76*n - 3*n + 14761 - 857. Calculate the greatest common factor of n and 1386.
22
Let k = -45 + 48. Let g(m) = -3*m**2 + 11 - 14 + 8 - 4*m + 4*m**2. Let o be g(k). Calculate the greatest common factor of o and 2.
2
Let n be (-3 + 13)/(46 + -44). What is the greatest common divisor of 24785 and n?
5
Let g(m) = 139*m - 1906. Let p be g(19). Calculate the greatest common factor of p and 588.
147
Let s = -979 - -1518. Let n = s + -482. Calculate the highest common factor of 6 and n.
3
Suppose -5*c - 222 = u, 0 = 4*u - 0*u + 8. Let j(v) = v**3 + 43*v**2 - 42*v + 100. Let o be j(c). Calculate the greatest common divisor of o and 120.
12
Suppose 100*b - 91*b = 27. Suppose b*x = 5*v + 40, 0 = 2*x + 2*v - 7*v - 30. What is the greatest common divisor of x and 50?
10
Suppose 3*p - 83 = -2*p - t, 0 = 4*p + 5*t - 79. Suppose 0 = -21158*w + 21170*w - 1536. Calculate the highest common factor of p and w.
16
Let b be (-11712)/1952*((-1)/(-1))/(3/(-7)). Let u(m) = m**2 + 2*m - 3. Let k be u(-6). What is the highest common factor of b and k?
7
Let y(s) = 2*s + 23. Let u be y(76). Calculate the highest common factor of u and 300.
25
Let x = -7216 - -7236. Suppose 0 = f - 157 - 23. What is the highest common factor of f and x?
20
Let w = -3133 - -3147. What is the greatest common factor of w and 1162?
14
Let a(n) = -505*n**3 + 6*n**2 - 7*n - 12. Let u be a(-1). Calculate the highest common factor of u and 550.
22
Let q(w) = -w**3 - 5*w**2 - 3*w - 4. Let r be q(-4). Let c = r - -20. Let v be 14/(1/11*11) + (-4 - -2). Calculate the highest common factor of v and c.
12
Suppose -g + p = -4076, -4*p + 16248 = -10*g + 14*g. What is the greatest common factor of g and 13?
13
Let y = 123 - 127. Let a be y*(2 - 4) - -7. Calculate the highest common divisor of 9 and a.
3
Let v(k) = 183*k + 97. Let h be v(1). Calculate the greatest common factor of 595 and h.
35
Let r = 455 + -451. Suppose -5*n - 483 + 1306 = m, -n - r*m = -157. Calculate the highest common divisor of 33 and n.
33
Let d(s) = -3*s - 38. Let t be d(-13). Suppose 3*p + t = -l - 3, 2*l = 2*p + 16. What is the greatest common factor of l and 365?
5
Let w be (-1 - 87)*(-115)/20. Suppose -2*i = 2*s - 34, -3*s - 42 = -5*i - 133. Calculate the highest common divisor of w and s.
22
Let s = -213 - -297. Let n = 71 - -69. Calculate the greatest common divisor of s and n.
28
Let k = 470 - 853. Let n 